inder when c(-3) is divided by j.
5
Suppose -t + 10748 = 3*m, 4*t - 1658 = -2*m + 5504. Calculate the remainder when m is divided by 69.
64
Suppose 3*m + 27 = -6*x + 7*x, -124 = -5*x + 4*m. Suppose -x = -3*y + 3. What is the remainder when 14*(-2)/14*-30 is divided by y?
6
Let l(b) = 3*b**2 + 171*b - 9429. Calculate the remainder when 4023 is divided by l(37).
3
Let f = 26519 + -25760. What is the remainder when f is divided by 15?
9
Suppose -10 = 4*h + 5*t, 0 = 5*t + 6 + 4. What is the remainder when -2*(2 + -4) - (h + -155) is divided by 40?
39
Let q be -3 + 11/((-1)/(-1)). Suppose 0*j - 24 = -q*j. Suppose -160 = -c - j*c. Calculate the remainder when c is divided by 14.
12
Let p = 222 - 222. Suppose 0*s + 2*s - 78 = p. Calculate the remainder when s is divided by 8.
7
Let x(h) = 12*h**3 - 2*h**2 + 3. What is the remainder when x(3) is divided by (-486)/(-10) + -4 - ((-40)/(-25) - 2)?
39
Let g(i) = 3*i**2 + 8*i - 31. Let c(d) = 46*d + 26. Calculate the remainder when c(9) is divided by g(4).
48
Suppose -3*c - m = -17126, 21*c - 19*c - 11422 = 4*m. Suppose 0 = 85*u - 52*u - c. Calculate the remainder when u is divided by 14.
5
Suppose -43*l + 1863 - 1390 = 0. What is the remainder when 13857 is divided by l?
8
Let j = -627 + 615. Calculate the remainder when (-2180)/(-12) - 4/j is divided by 92.
90
Calculate the remainder when (-8)/(-14)*(-37275)/(-10) is divided by 164.
162
Calculate the remainder when 186628/18 + (24*(-154)/(-378) - 10) is divided by 3.
0
Let i(q) = q**2 - 14*q + 1056. Let y be i(0). Suppose 24*w = 48*w - y. Calculate the remainder when w is divided by 14.
2
Suppose -2*m - 5*a = -23, a - 35 = -2*m - 0*a. Suppose -4*w + m = 3*f, -2*w - 3 + 20 = 3*f. Let r = -151 - -154. What is the remainder when r is divided by w?
0
Let r be 198/44*4254/27. Let v = r + -689. Suppose -2*m + 136 = 4*q, 0*q - m + 104 = 3*q. What is the remainder when q is divided by v?
16
Let u(t) = 2 + 6*t - 4*t + 0. Let z(g) = g + 8. What is the remainder when u(9) is divided by z(3)?
9
Let i = 16 - 11. Suppose i*f - 3*r - 860 = 2*r, -3*f = 5*r - 476. Suppose 46*v - 1249 + 525 = 840. What is the remainder when f is divided by v?
31
Let m(a) = -a**3 + 37*a**2 + 2*a - 55. Let c be 2 + (-3)/(-3) - (-408)/12. What is the remainder when 415 is divided by m(c)?
16
Let o = -406 + 371. Calculate the remainder when 413*(235/o - -7) is divided by 20.
18
Suppose 0 = -w - 3*q + 108, 0 = 4*w + 131*q - 132*q - 393. Let p(g) = 5*g + 0 - 2 + 2*g - 7*g**2 + g**3 + 3. What is the remainder when w is divided by p(7)?
49
Let n be (88/(-4))/(7/((-364)/(-8))). Let s = -134 - n. Calculate the remainder when 62 is divided by s.
8
Let w(z) = -5*z - 17. Suppose 11*l - 8*l = -12. Let a be (1 + -2)/(l/(-22))*2. What is the remainder when w(a) is divided by 8?
6
Suppose -5*s + s + 12024 = 2*l, -6*s = 4*l - 24050. What is the remainder when l is divided by 188?
186
Let v = 1457 + -1351. What is the remainder when 1160 is divided by v?
100
Let t be (-2 + -147)/((-4)/8). Suppose 974 - t = 13*u. Suppose 3*v = 312 + 303. What is the remainder when v is divided by u?
49
Calculate the remainder when 709 is divided by ((-9888)/(-42) - 18/42) + -1.
7
Let i(g) = g**3 + 7*g**2 + 4*g - 2. Let k be 4/2 + 155/5. Let r = 41 - k. Calculate the remainder when i(-4) is divided by r.
6
Let y = -33198 - -49557. What is the remainder when y is divided by 20?
19
Suppose 0 = 5*c + 10 + 15, -5*c + 203 = 4*t. What is the remainder when 239 is divided by t?
11
What is the remainder when ((-3)/2 + 2)/((-269)/(-105986)) is divided by 8?
5
Let u = 17 - 15. Suppose u*w = -4*b + 2, -4*w = 2 - 14. What is the remainder when (-22)/(-3) - b - (-2)/3 is divided by 5?
4
Let j(r) = -528*r + 154. Let n(f) = -17*f + 5. Let t(o) = -5*j(o) + 154*n(o). Let b = 2235 - 2212. Calculate the remainder when t(2) is divided by b.
21
Suppose -5*m - 4*f + 1029 = 0, 4*m + 876*f - 872*f - 824 = 0. Calculate the remainder when 10043 is divided by m.
203
Suppose 3*z - 224 = -5*t, -4*z - t + 276 = -0*t. Suppose 266 = -3*d + z. Let f = 111 + d. What is the remainder when f is divided by 23?
22
Suppose 69 = 15*m - 6. Suppose 4*z = -m*k + 116, k - 7*z = -3*z + 28. Calculate the remainder when 159 is divided by k.
15
Suppose 0 = -8644*a + 8715*a - 355. Let w = 168 - 99. What is the remainder when w is divided by a?
4
Suppose 47*n - 52*n = -3*b - 145, n - 29 = -b. Calculate the remainder when 11279 is divided by n.
27
Let n = -11269 - -11600. Calculate the remainder when n is divided by 50.
31
Let s = -179 + 314. Suppose -3*d - s = -18*d. Suppose d*o - 95 = 121. What is the remainder when 44 is divided by o?
20
Let q = -370 - -655. Suppose 4*s - 3*k = 61, k = -7*s + 5*s + 33. Calculate the remainder when q is divided by s.
13
Suppose -4*d + 4*c + 2592 = 0, 0 = 4*d + 77*c - 78*c - 2613. Calculate the remainder when d is divided by 44.
39
Calculate the remainder when (2935/6)/(39/234) is divided by 15.
10
Let q = 98 + -14. Let a = -128452 + 128954. What is the remainder when a is divided by q?
82
Suppose -3*u + 708 = -24*s + 28*s, 6*u = -4*s + 1416. Calculate the remainder when u is divided by 93.
50
Suppose i - 4*j - 643 = 0, -5*i - 3*j = -0*i - 3100. Calculate the remainder when i is divided by 204.
11
Let g(m) = -8*m**3 - 8*m**2 + 18*m + 6. Calculate the remainder when 316 is divided by g(-3).
28
Let x = -100 - -112. Let s = -257 - -286. What is the remainder when s is divided by x?
5
Let r(m) = m**3 - 11*m**2 + 9*m - 11. Let d be r(10). Suppose 0 = 2*s + 312 - 366. What is the remainder when s is divided by (6/d)/((-4)/28)?
1
Let a be (6/(-2) + 1)*(-2 + -6). Let g be ((-2)/((-32)/(-180)))/((-6)/a). Suppose -g*m + 28*m = -180. Calculate the remainder when m is divided by 47.
43
Suppose 157*g - 3360 = 101*g. Calculate the remainder when 294 is divided by g.
54
Suppose 0 = 4*d + d - 955. Suppose 0 = 2*s - x - 105, 5*s - 5*x - 1033 = -758. What is the remainder when d is divided by s?
41
Let j = -10691 - -10853. What is the remainder when 1148 is divided by j?
14
Let j be (-1)/(-2)*(-26 - 0). Let p = -395 + 431. Let h = p + j. What is the remainder when 91 is divided by h?
22
Suppose 3*t = 5*f + 121 + 379, -820 = -5*t - 5*f. What is the remainder when 484 is divided by t?
154
Let y be 1*48/14*(-119)/(-34). What is the remainder when 73 is divided by -1 + 23 + (y - (-132)/(-11))?
7
Suppose -1085 - 943 = -12*c. Suppose 2*d = b - 57, -3*d + 7*d = 3*b - c. What is the remainder when 163 is divided by b?
53
Let t = -29718 + 29739. Let a = 70 - 36. What is the remainder when a is divided by t?
13
Suppose 16 = -4*r, 2*r = -3*z - z. Suppose 0 = 3*d + m + 16 + z, 0 = -3*d + 5*m. Calculate the remainder when 62 is divided by -8*(d + (3 - 3) + 3).
14
Let p be 4/(-14)*-1 + (-186)/14. Let q(b) = b**3 + 12*b**2 - 14*b - 12. Let n be q(p). What is the remainder when 3976/32 - n/4 is divided by 14?
12
Suppose 3855 - 1693 + 8233 = 45*h. Calculate the remainder when 255 is divided by h.
24
Let v(w) = w**3 + 10*w**2 + 5*w - 11. Let r be v(-9). Suppose 3*g + r = 109. What is the remainder when 28 is divided by 5/(10/g) + (1 - -2)?
11
What is the remainder when (-4 + 6 + (-3)/2)*100 is divided by -8*(-10)/4 + 30/(-10)?
16
Suppose 294 = p + 5*p. Suppose -5*y = t - 2, -3*t - 5*y = -6*t + 6. What is the remainder when (2 + -1)*p/7 is divided by t?
1
Suppose 2*l = -3*l + 40. Suppose b + 7*r - 4*r = 183, 4*r - l = 0. Suppose 10*u + 27 = b. Calculate the remainder when 73 is divided by u.
13
Suppose -7*w + 5*w - 1204 = -2*l, 2*l = 4*w + 1194. Calculate the remainder when 614 is divided by l.
7
Let f(x) = 124*x - 6. Let a be f(-2). Let j = a - -271. Suppose 3*s + 16 = 112. Calculate the remainder when s is divided by j.
15
Let o(g) = 2*g - 18. Let v be -2*4/(16/(-22)). Let z = 23 - v. What is the remainder when 21 is divided by o(z)?
3
Let g(o) = -o**2 - 110*o + 460. Suppose -5*t = -4*t - 66. Calculate the remainder when t is divided by g(4).
2
Suppose 3*p = p + 74. Suppose 91*u + 1148 = 105*u. Let w = u - p. Calculate the remainder when 86 is divided by w.
41
Let c(s) = s**3 - 4*s**2 - 9*s + 8. Let l(t) = t**2 - 8*t + 6. Let q be l(12). Suppose 0*j + 9*j = q. Calculate the remainder when 75 is divided by c(j).
23
Let h = 194881 + -194842. Calculate the remainder when (-